2659, 6317
What are the prime factors of 61342040?
2, 5, 863, 1777
What are the prime factors of 1886147713?
1886147713
What are the prime factors of 13297594?
2, 53, 331, 379
List the prime factors of 158303173.
7, 41, 78797
What are the prime factors of 3313010282?
2, 101, 16401041
List the prime factors of 1310716049.
2741, 478189
List the prime factors of 161167543.
31, 569, 9137
List the prime factors of 2437123213.
7, 17, 20480027
List the prime factors of 6271905679.
13, 53, 9102911
List the prime factors of 460126840.
2, 5, 59, 241, 809
What are the prime factors of 17157681?
3, 337, 5657
What are the prime factors of 208819761?
3, 69606587
List the prime factors of 293372821.
7, 41910403
What are the prime factors of 125348905?
5, 11, 17, 79, 1697
List the prime factors of 19231877.
7, 149, 18439
What are the prime factors of 43545846?
2, 3, 67, 149, 727
What are the prime factors of 1084388805?
3, 5, 19, 1268291
What are the prime factors of 28951808?
2, 113093
List the prime factors of 1126613957.
7, 2213, 72727
List the prime factors of 141579158.
2, 7, 10112797
What are the prime factors of 1457950321?
29, 50274149
What are the prime factors of 13463873?
193, 69761
What are the prime factors of 236010576?
2, 3, 4916887
What are the prime factors of 2544347689?
13, 195719053
List the prime factors of 4829859504.
2, 3, 33540691
List the prime factors of 7000570982.
2, 6971, 502121
List the prime factors of 2195212772.
2, 211, 2600963
What are the prime factors of 557689952?
2, 29, 600959
What are the prime factors of 16905314?
2, 613, 13789
List the prime factors of 27982719.
3, 47, 22051
List the prime factors of 8934609727.
31, 229, 313, 4021
List the prime factors of 403628132.
2, 100907033
List the prime factors of 44667947.
44667947
What are the prime factors of 4067040?
2, 3, 5, 37, 229
List the prime factors of 56234484.
2, 3, 53, 29473
List the prime factors of 2064383795.
5, 11299, 36541
List the prime factors of 132035420.
2, 5, 11, 383, 1567
List the prime factors of 2368677431.
53, 3331, 13417
List the prime factors of 2466047568.
2, 3, 79, 650329
What are the prime factors of 49457639?
7, 11, 53, 12119
What are the prime factors of 513380670?
2, 3, 5, 11, 1555699
List the prime factors of 259470164.
2, 1117, 58073
What are the prime factors of 1856616353?
1856616353
List the prime factors of 1528962306.
2, 3, 23, 97, 114221
What are the prime factors of 70399064?
2, 8799883
What are the prime factors of 52487168?
2, 51257
List the prime factors of 348673498.
2, 43, 241, 16823
List the prime factors of 2149113994.
2, 37, 4013, 7237
List the prime factors of 5151980.
2, 5, 313, 823
List the prime factors of 914237936.
2, 109, 524219
List the prime factors of 1201182535.
5, 7, 41, 107, 7823
What are the prime factors of 5174071?
7, 739153
What are the prime factors of 152363842?
2, 59, 1291219
List the prime factors of 1984560648.
2, 3, 7, 337, 35053
What are the prime factors of 24028275?
3, 5, 320377
What are the prime factors of 226536637?
23, 101, 113, 863
List the prime factors of 233640618.
2, 3, 2333, 16691
List the prime factors of 165764633.
61, 67, 40559
What are the prime factors of 1717945237?
6143, 279659
List the prime factors of 198520909.
5849, 33941
List the prime factors of 8159737.
97, 84121
What are the prime factors of 3229148293?
7, 59, 7818761
List the prime factors of 93239249.
1069, 87221
What are the prime factors of 1752831432?
2, 3, 11, 2213171
What are the prime factors of 81100986?
2, 3, 137, 98663
List the prime factors of 7769181829.
241, 461, 69929
List the prime factors of 804698768.
2, 50293673
What are the prime factors of 282337891?
11, 19, 127, 967
What are the prime factors of 1039899006?
2, 3, 19257389
List the prime factors of 138117426.
2, 3, 23019571
List the prime factors of 1383517926.
2, 3, 7, 10980301
List the prime factors of 199867374.
2, 3, 7, 41, 5527
What are the prime factors of 179136792?
2, 3, 223, 3719
What are the prime factors of 8309038732?
2, 19, 881, 124097
List the prime factors of 376805517.
3, 11, 43, 265543
List the prime factors of 2413876632.
2, 3, 2543, 39551
What are the prime factors of 4294199779?
17, 252599987
List the prime factors of 311068544.
2, 2430223
What are the prime factors of 3253008259?
17, 19, 10071233
What are the prime factors of 152003669?
152003669
What are the prime factors of 34243068?
2, 3, 113, 25253
List the prime factors of 55625715.
3, 5, 139, 8893
List the prime factors of 157870178.
2, 78935089
What are the prime factors of 555245833?
555245833
List the prime factors of 91005764.
2, 22751441
What are the prime factors of 578899905?
3, 5, 38593327
List the prime factors of 35171386.
2, 37, 475289
List the prime factors of 2073872802.
2, 3, 307, 521, 2161
What are the prime factors of 152673118?
2, 13, 61, 96263
List the prime factors of 578254975.
5, 577, 40087
What are the prime factors of 1156176317?
1156176317
List the prime factors of 404905573.
79, 1039, 4933
List the prime factors of 99358209.
3, 37, 298373
What are the prime factors of 55743708?
2, 3, 4645309
What are the prime factors of 332971318?
2, 97, 227, 7561
What are the prime factors of 1877714123?
17891, 104953
List the prime factors of 2320726551.
3, 11, 13, 373, 14503
What are the prime factors of 482126980?
2, 5, 751, 32099
What are the prime factors of 35173610?
2, 5, 3517361
What are the prime factors of 36530096?
2, 419, 5449
What are the prime factors of 179309492?
2, 44827373
What are the prime factors of 43296623?
29, 37, 40351
List the prime factors of 141868857.
3, 13, 73, 49831
What are the prime factors of 1605527451?
3, 11, 16217449
What are the prime factors of 1924495309?
11, 101, 1732219
List the prime factors of 179473033.
149, 443, 2719
What are the prime factors of 821792439?
3, 13, 97, 24137
List the prime factors of 230712259.
230712259
What are the prime factors of 6279150?
2, 3, 5, 41, 1021
List the prime factors of 65328357.
3, 73, 298303
What are the prime factors of 958440619?
958440619
What are the prime factors of 5271700959?
3, 7, 101, 331, 2503
List the prime factors of 1451710504.
2, 19, 23, 83, 5003
What are the prime factors of 4375546057?
31, 3011, 46877
List the prime factors of 26647826.
2, 13323913
What are the prime factors of 340777191?
3, 113592397
List the prime factors of 38983286.
2, 3413, 5711
List the prime factors of 236564840.
2, 5, 5914121
List the prime factors of 106088251.
757, 140143
What are the prime factors of 274325291?
274325291
List the prime factors of 117856222.
2, 11, 41, 193, 677
What are the prime factors of 1667283743?
33941, 49123
What are the prime factors of 4805398089?
3, 109, 331, 4933
What are the prime factors of 43247938?
2, 43, 502883
List the prime factors of 60081853.
13, 89, 51929
What are the prime factors of 1243562330?
2, 5, 7573, 16421
List the prime factors of 1408221448.
2, 43, 53, 77239
What are the prime factors of 48753580?
2, 5, 401, 6079
List the prime factors of 499834030.
2, 5, 113, 631, 701
List the prime factors of 98949028.
2, 24737257
List the prime factors of 4024183645.
5, 17, 47343337
What are the prime factors of 76004481?
3, 7, 3619261
What are the prime factors of 1602025774?
2, 19, 3343, 12611
What are the prime factors of 47540055?
3, 5, 3169337
What are the prime factors of 50612606?
2, 11, 19013
List the prime factors of 2240412717.
3, 746804239
List the prime factors of 223557251.
823, 271637
What are the prime factors of 363867197?
363867197
What are the prime factors of 2329233474?
2, 3, 157, 431, 5737
What are the prime factors of 917915642?
2, 7, 31, 2115013
What are the prime factors of 1157089717?
7, 17, 281, 34603
What are the prime factors of 2044741079?
17, 120278887
What are the prime factors of 559738995?
3, 5, 409, 91237
List the prime factors of 75286490.
2, 5, 37, 283, 719
What are the prime factors of 307751853?
3, 251, 408701
List the prime factors of 465334175.
5, 43, 432869
What are the prime factors of 88379043?
3, 29459681
What are the prime factors of 197918838?
2, 3, 13, 163, 5189
List the prime factors of 901144826.
2, 61, 101, 73133
List the prime factors of 35847779.
11, 3258889
What are the prime factors of 3218508949?
67, 157,